 3455 a prime number?
False
Is 2293867 composite?
False
Is 3329 a composite number?
False
Is 188995 composite?
True
Is 1501 a prime number?
False
Is 26759 a composite number?
False
Is 1704227 a prime number?
False
Is 79 a prime number?
True
Is 51449 composite?
False
Is 202697 composite?
True
Is 503339 a composite number?
False
Is 1441459 a prime number?
True
Is 683533 prime?
False
Is 233021 a composite number?
False
Is 360839 a composite number?
True
Is 6931 prime?
False
Is 6761 a prime number?
True
Is 127013 prime?
False
Is 196103 prime?
False
Is 273337 prime?
False
Is 56435 composite?
True
Is 29395 a composite number?
True
Is 8383 a composite number?
True
Is 77905 composite?
True
Is 16783 composite?
True
Is 376483 a prime number?
True
Is 41645 a prime number?
False
Is 65213 prime?
True
Is 722945 prime?
False
Is 7283 a composite number?
False
Is 4783 prime?
True
Is 23909 composite?
False
Is 89 prime?
True
Is 6403 prime?
False
Is 979 a prime number?
False
Is 24011 a composite number?
True
Is 122659 prime?
False
Is 48847 a composite number?
False
Is 10929 composite?
True
Is 42641 composite?
False
Is 1404597 a composite number?
True
Is 317479 composite?
True
Is 19661 composite?
False
Is 121279 composite?
True
Is 143053 a composite number?
False
Is 6349 a composite number?
True
Is 107687 composite?
False
Is 623 a prime number?
False
Is 3407 a prime number?
True
Is 24691 a prime number?
True
Is 6421 a prime number?
True
Is 10799 prime?
True
Is 378083 a composite number?
False
Is 1883 composite?
True
Is 199 a prime number?
True
Is 66353 a prime number?
False
Is 15401 a prime number?
True
Is 15659 a prime number?
False
Is 1218803 a prime number?
False
Is 10347 a composite number?
True
Is 101419 composite?
False
Is 5981 a prime number?
True
Is 2545 a composite number?
True
Is 378713 a composite number?
False
Is 9409 composite?
True
Is 22009 prime?
False
Is 166723 composite?
False
Is 250277 prime?
False
Is 7769 prime?
False
Is 52667 a composite number?
False
Is 220771 a prime number?
True
Is 28239 a prime number?
False
Is 18806 composite?
True
Is 2161 a prime number?
True
Is 741989 a prime number?
False
Is 127 composite?
False
Is 36347 composite?
True
Is 190219 a prime number?
False
Is 211493 prime?
True
Is 63197 composite?
False
Is 1158359 composite?
True
Is 214087 a composite number?
False
Is 560521 a composite number?
True
Is 24889 a composite number?
False
Is 5219 a composite number?
True
Is 44839 a composite number?
False
Is 168977 a composite number?
False
Is 39003 prime?
False
Is 343727 composite?
False
Is 20743 composite?
False
Is 148217 a composite number?
True
Is 17467 composite?
False
Is 14701 a composite number?
True
Is 49363 composite?
False
Is 86971 a prime number?
False
Is 265 composite?
True
Is 7051 a composite number?
True
Is 173461 a composite number?
True
Is 47543 composite?
False
Is 98711 composite?
False
Is 39703 a composite number?
False
Is 26821 a composite number?
False
Is 177455 a prime number?
False
Is 12571 composite?
True
Is 3659 a prime number?
True
Is 141119 prime?
False
Is 47501 a prime number?
True
Is 1597 a prime number?
True
Is 36061 a prime number?
True
Is 748361 a prime number?
True
Is 245029 composite?
False
Is 156867 composite?
True
Is 34737 a composite number?
True
Is 231493 a prime number?
True
Is 74339 composite?
True
Is 34981 composite?
False
Is 112027 composite?
True
Is 21961 composite?
False
Is 87413 a composite number?
True
Is 28115 prime?
False
Is 29687 a composite number?
True
Is 25793 a composite number?
False
Is 513157 a prime number?
True
Is 6127 a composite number?
True
Is 6947 a prime number?
True
Is 577723 a prime number?
False
Is 1411193 composite?
True
Is 191021 composite?
False
Is 46609 a prime number?
False
Is 3482 a prime number?
False
Is 7619 prime?
False
Is 77329 a composite number?
True
Is 1428901 a prime number?
False
Is 4441 a prime number?
True
Is 12301 a prime number?
True
Is 2321 prime?
False
Is 166486 a composite number?
True
Is 7103 a prime number?
True
Is 1441915 composite?
True
Is 766 a prime number?
False
Is 21179 composite?
False
Is 395671 a prime number?
True
Is 135881 a composite number?
True
Is 755 a composite number?
True
Is 29443 composite?
False
Is 51563 a composite number?
False
Is 4489 a prime number?
False
Is 95681 a prime number?
False
Is 442541 a composite number?
True
Is 44261 composite?
True
Is 30059 composite?
False
Is 7331 a prime number?
True
Is 19661 composite?
False
Is 55987 a prime number?
True
Is 380117 prime?
True
Is 37781 a composite number?
False
Is 2361227 a prime number?
False
Is 48903 a prime number?
False
Is 231979 prime?
False
Is 1061 a composite number?
False
Is 473039 prime?
False
Is 45093 composite?
True
Is 446659 composite?
True
Is 63487 a composite number?
False
Is 202799 a prime number?
True
Is 12197 composite?
False
Is 27767 a composite number?
False
Is 17827 a prime number?
True
Is 166169 prime?
True
Is 5639 composite?
False
Is 263455 a prime number?
False
Is 286886 a prime number?
False
Is 352661 composite?
False
Is 13033 a composite number?
False
Is 116789 composite?
False
Is 12889 composite?
False
Is 2333 a prime number?
True
Is 6779 composite?
False
Is 14977 a prime number?
False
Is 407119 prime?
True
Is 1006 a composite number?
True
Is 1501 prime?
False
Is 1951 a composite number?
False
Is 33869 a prime number?
False
Is 1009 a composite number?
False
Is 195159 a composite number?
True
Is 5219 a prime number?
False
Is 19973 prime?
True
Is 64871 prime?
True
Is 56513 a composite number?
True
Is 2767 a prime number?
True
Is 87739 prime?
True
Is 5981 a composite number?
False
Is 4603 a composite number?
False
Is 165959 composite?
True
Is 445901 a prime number?
False
Is 32539 composite?
True
Is 10973 a composite number?
False
Is 747611 prime?
True
Is 16249 a composite number?
False
Is 87991 composite?
False
Is 1018309 prime?
True
Is 53857 a composite number?
False
Is 17707 composite?
False
Is 398467 a prime number?
True
Is 17137 a composite number?
False
Is 2101 composite?
True
Is 2459 a prime number?
True
Is 4596919 a composite number?
True
Is 289049 composite?
False
Is 2935 prime?
False
Is 2602 prime?
False
Is 28261 prime?
False
Is 1075363 a prime number?
False
Is 10109 a prime number?
False
Is 39607 prime?
True
Is 178979 prime?
False
Is 488161 prime?
True
Is 355063 prime?
True
Is 1009333 a prime number?
False
Is 854053 composite?
False
Is 74821 composite?
False
Is 9967 prime?
True
Is 2068973 composite?
False
Is 1625449 prime?
False
Is 33749 composite?
False
Is 1657 a composite number?
False
Is 280823 prime?
False
Is 22271 a prime number?
True
Is 69313 prime?
True
Is 2153 a composite number?
False
Is 73613 composite?
False
Is 2957 a prime number?
True
Is 54907 prime?
True
Is 3338939 prime?
True
Is 35537 a prime number?
True
Is 163855 a composite number?
True
Is 49319 a composite number?
True
Is 6637 a composite number?
False
Is 879331 prime?
True
Is 907 a composite number?
False
Is 1061 a composite number?
False
Is 476977 prime?
True
Is 1140709 a prime number?
True
Is 64243 prime?
False
Is 83339 a composite number?
False
Is 9461 composite?
False
Is 63241 a prime number?
True
Is 42899 a composite number?
False
Is 2279 composite?
True
Is 13217 a composite number?
False
Is 362243 a composite number?
True
Is 272449 composite?
False
Is 600601 composite?
False
Is 64451 a composite number?
False
Is 156601 a prime number?
True
Is 29101 a prime number?
True
Is 664679 a composite number?
False
Is 383371 a composite number?
False
Is 202661 a prime number?
True
Is 4022 composite?
True
Is 624191 a composite number?
False
Is 104978 prime?
False
Is 861251 prime?
False
Is 12781 a composite number?
False
Is 21283 prime?
True
Is 38297 a prime number?
False
Is 300671 prime?
False
Is 18227 prime?
False
Is 517 composite?
True
Is 109891 a prime number?
True
Is 213697 composite?
True
Is 254101 a prime number?
False
Is 38953 prime?
True
Is 377887 composite?
False
Is 23227 a composite number?
False
Is 5663 prime?
False
Is 11369 a prime number?
True
Is 17009 composite?
True
Is 103811 composite?
False
Is 6124433 prime?
False
Is 21797 composite?
True
Is 102119 a composite number?
True
Is 236141 a prime number?
False
Is 105505 composite?
True
Is 1584463 prime?
False
I